 13480 is divided by 398.
346
Calculate the remainder when 309447 is divided by 574.
61
What is the remainder when 5586616 is divided by 174?
172
Calculate the remainder when 541396 is divided by 36.
28
Calculate the remainder when 59236 is divided by 9869.
22
Calculate the remainder when 116939 is divided by 10630.
9
What is the remainder when 277450 is divided by 265?
260
Calculate the remainder when 216968 is divided by 87.
77
What is the remainder when 4230 is divided by 3862?
368
Calculate the remainder when 2613 is divided by 1850.
763
Calculate the remainder when 61039 is divided by 20291.
166
Calculate the remainder when 159624 is divided by 120.
24
What is the remainder when 7369 is divided by 3598?
173
Calculate the remainder when 3682 is divided by 339.
292
Calculate the remainder when 44239 is divided by 517.
294
What is the remainder when 444 is divided by 43?
14
Calculate the remainder when 307 is divided by 221.
86
What is the remainder when 2484213 is divided by 27?
24
What is the remainder when 2665 is divided by 862?
79
Calculate the remainder when 476908 is divided by 25.
8
What is the remainder when 8017 is divided by 501?
1
What is the remainder when 1723497 is divided by 12?
9
What is the remainder when 467055 is divided by 110?
105
What is the remainder when 49991 is divided by 116?
111
What is the remainder when 5132466 is divided by 59?
56
Calculate the remainder when 941912 is divided by 470953.
6
What is the remainder when 9934 is divided by 21?
1
What is the remainder when 322478 is divided by 145?
143
What is the remainder when 16686 is divided by 558?
504
Calculate the remainder when 5181 is divided by 272.
13
What is the remainder when 173741 is divided by 1390?
1381
Calculate the remainder when 10821 is divided by 135.
21
Calculate the remainder when 99545 is divided by 2262.
17
What is the remainder when 15955 is divided by 1451?
1445
Calculate the remainder when 1600 is divided by 199.
8
Calculate the remainder when 834034 is divided by 708.
10
Calculate the remainder when 86465 is divided by 497.
484
What is the remainder when 514720 is divided by 11?
8
What is the remainder when 472745 is divided by 233?
221
What is the remainder when 3369 is divided by 48?
9
What is the remainder when 6002 is divided by 2848?
306
Calculate the remainder when 10145 is divided by 1014.
5
What is the remainder when 54806 is divided by 13?
11
What is the remainder when 195065 is divided by 1011?
953
Calculate the remainder when 139116 is divided by 69386.
344
What is the remainder when 124243 is divided by 1081?
1009
What is the remainder when 77063 is divided by 228?
227
Calculate the remainder when 26300 is divided by 2390.
10
What is the remainder when 392 is divided by 201?
191
What is the remainder when 1636792 is divided by 331?
328
What is the remainder when 15956 is divided by 756?
80
Calculate the remainder when 58493 is divided by 82.
27
Calculate the remainder when 1911675 is divided by 160.
155
What is the remainder when 4445 is divided by 53?
46
Calculate the remainder when 253985 is divided by 84651.
32
What is the remainder when 339088 is divided by 113022?
22
Calculate the remainder when 49098 is divided by 24.
18
What is the remainder when 59038 is divided by 17?
14
What is the remainder when 240366 is divided by 181?
179
Calculate the remainder when 92949 is divided by 271.
267
What is the remainder when 1123 is divided by 102?
1
What is the remainder when 55595 is divided by 291?
14
Calculate the remainder when 23415 is divided by 49.
42
What is the remainder when 786498 is divided by 23?
13
Calculate the remainder when 113923 is divided by 75.
73
Calculate the remainder when 1922 is divided by 224.
130
Calculate the remainder when 29043 is divided by 3630.
3
What is the remainder when 417609 is divided by 1625?
1609
Calculate the remainder when 2449505 is divided by 816501.
2
What is the remainder when 24976 is divided by 8324?
4
Calculate the remainder when 37186 is divided by 37186.
0
Calculate the remainder when 45739 is divided by 24.
19
What is the remainder when 36080 is divided by 104?
96
What is the remainder when 21837 is divided by 273?
270
What is the remainder when 665415 is divided by 245?
240
What is the remainder when 1119 is divided by 321?
156
Calculate the remainder when 27396 is divided by 621.
72
Calculate the remainder when 116324 is divided by 495.
494
What is the remainder when 887 is divided by 19?
13
Calculate the remainder when 50093 is divided by 198.
197
What is the remainder when 3622 is divided by 3584?
38
What is the remainder when 11574 is divided by 132?
90
What is the remainder when 568 is divided by 329?
239
What is the remainder when 3680 is divided by 1219?
23
What is the remainder when 6279 is divided by 3035?
209
What is the remainder when 521417 is divided by 3?
2
Calculate the remainder when 9493 is divided by 38.
31
Calculate the remainder when 46087 is divided by 15361.
4
Calculate the remainder when 221509 is divided by 489.
481
What is the remainder when 36171 is divided by 64?
11
Calculate the remainder when 839044 is divided by 347.
345
What is the remainder when 5882 is divided by 657?
626
What is the remainder when 34432 is divided by 8563?
180
Calculate the remainder when 7512 is divided by 326.
14
Calculate the remainder when 154946 is divided by 596.
582
What is the remainder when 11948 is divided by 5970?
8
Calculate the remainder when 17400 is divided by 46.
12
What is the remainder when 22220 is divided by 2460?
80
What is the remainder when 24679 is divided by 11?
6
What is the remainder when 181092 is divided by 1758?
18
What is the remainder when 1077 is divided by 33?
21
Calculate the remainder when 28584 is divided by 16.
8
Calculate the remainder when 4467 is divided by 41.
39
What is the remainder when 731 is divided by 209?
104
Calculate the remainder when 209975 is divided by 55.
40
Calculate the remainder when 141467 is divided by 43.
40
Calculate the remainder when 86140 is divided by 98.
96
What is the remainder when 16433 is divided by 105?
53
What is the remainder when 9857 is divided by 2409?
221
Calculate the remainder when 405901 is divided by 368.
365
What is the remainder when 578 is divided by 250?
78
Calculate the remainder when 13386 is divided by 291.
0
What is the remainder when 11641 is divided by 39?
19
Calculate the remainder when 51841 is divided by 46.
45
Calculate the remainder when 4790 is divided by 1528.
206
What is the remainder when 46402 is divided by 305?
42
Calculate the remainder when 716309 is divided by 135.
134
Calculate the remainder when 486516 is divided by 25.
16
Calculate the remainder when 42410 is divided by 69.
44
Calculate the remainder when 1497 is divided by 320.
217
Calculate the remainder when 1083 is divided by 369.
345
Calculate the remainder when 111185 is divided by 1222.
1205
What is the remainder when 2965 is divided by 991?
983
Calculate the remainder when 124736 is divided by 38.
20
What is the remainder when 177962 is divided by 227?
221
Calculate the remainder when 149030 is divided by 29.
28
What is the remainder when 2381236 is divided by 54?
52
What is the remainder when 6580 is divided by 989?
646
What is the remainder when 8176 is divided by 681?
4
Calculate the remainder when 213939 is divided by 1086.
1083
Calculate the remainder when 2698 is divided by 275.
223
Calculate the remainder when 112824 is divided by 43.
35
What is the remainder when 142325 is divided by 32?
21
What is the remainder when 15444 is divided by 5144?
12
What is the remainder when 73276 is divided by 24408?
52
What is the remainder when 12426 is divided by 729?
33
Calculate the remainder when 4947 is divided by 66.
63
What is the remainder when 41469 is divided by 27?
24
What is the remainder when 82200 is divided by 62?
50
Calculate the remainder when 2983 is divided by 192.
103
What is the remainder when 5558 is divided by 391?
84
Calculate the remainder when 15089 is divided by 6723.
1643
Calculate the remainder when 17458 is divided by 2192.
2114
Calculate the remainder when 151 is divided by 44.
19
What is the remainder when 78664 is divided by 1511?
92
Calculate the remainder when 303259 is divided b